. Suppose -f*v + v = -72. What are the prime factors of v?
2, 3
Let c(a) = -55*a - 3. Let n be c(-3). Suppose 5*x - n = -m + 186, x = m + 66. Let o = x + 75. List the prime factors of o.
2, 3
Suppose -32752 = -2*p - 1025*o + 1020*o, 81942 = 5*p - 3*o. What are the prime factors of p?
2, 3, 2731
Let q(l) = 7*l + 39. Let t be q(-3). Suppose -t*w + 3289 = -7457. List the prime factors of w.
3, 199
Suppose 129156 = 4*f + 2*z, -5*f + 349*z = 351*z - 161444. What are the prime factors of f?
2, 1009
Let d(f) = f**3 + 18*f**2 + f + 59013. List the prime factors of d(0).
3, 79, 83
Let d be 4*((-138)/(-24) - 6). List the prime factors of -2 + -1 + (223 - (4 + d)).
7, 31
Let m(p) = p**3 - 3*p**2 + 3*p + 3. Let q be m(2). Suppose 5920 = q*h - 127*t + 126*t, 0 = 3*t + 15. List the prime factors of h.
7, 13
List the prime factors of ((-54)/90)/(3*(-3)/253755).
3, 5639
Let d = -42 - -124. What are the prime factors of 1*d + -13 + (-128)/(-8)?
5, 17
Let t = 12 - -15. Suppose b - t*b + 546 = 0. List the prime factors of b.
3, 7
List the prime factors of (-173034)/(-5) - (0 - 1)*(-10)/(-50).
34607
Let u(l) = l**3 - 4*l**2 - 3*l. Let b be u(5). Let s be (7 - -9)/((-2)/b). Let h = 2 - s. What are the prime factors of h?
2, 41
Let x(f) = -f**3 - 2*f**2 - 5. Let k be -7*((-7)/(-21) + 11/21). What are the prime factors of x(k)?
139
Let q(h) = -26*h - 172. Let l be q(-7). What are the prime factors of (36/l)/(7 + (-8532)/1220)?
3, 61
Suppose 143 - 4637 = -7*n. Let u = -109 + n. List the prime factors of u.
13, 41
Let g(p) = 22*p**2 + 5*p - 15. Let u be g(-8). Let q = 2155 - u. List the prime factors of q.
2, 401
Let o be 0 - ((-9)/6*2 + 243). Let v = o + 425. What are the prime factors of v?
5, 37
Suppose 887144 + 1650278 = 92*t - 1301922. What are the prime factors of t?
2, 10433
What are the prime factors of (54/45)/((-45)/150) - -7063?
3, 13, 181
Let j(o) = 22*o**3 - 2*o**2 + 4*o - 42. Let f be j(4). Let u = f + -719. List the prime factors of u.
631
Let t = 209 - 210. Let a = 341 - t. What are the prime factors of a?
2, 3, 19
Let b(n) = -n**2 + 8*n + 21. Let q be b(10). Let w(f) = 442*f**2 + 9*f - 2. List the prime factors of w(q).
449
Suppose -105804 = -60*l + 12396. List the prime factors of l.
2, 5, 197
Let l(q) = q**2 + 9*q + 4. Let w be l(-9). Let h(y) = 144*y + 48. What are the prime factors of h(w)?
2, 3, 13
Let h(v) = 4*v**2 + 198*v - 28. What are the prime factors of h(49)?
2, 3, 7, 17
Let h be (-6)/15 + 68/(-5). Let y(u) = 2485*u**2 - 10 - 36 - 1239*u**2 - 1245*u**2. What are the prime factors of y(h)?
2, 3, 5
Let y be (44/(-6))/((-7)/84). Let s = y + -18. Suppose 0 = 3*p + 3*z + s - 616, 0 = -5*z. List the prime factors of p.
2, 7, 13
Suppose y + 8*q = 4741, 0 = -2*y + 2*q - 4*q + 9426. What are the prime factors of y?
17, 277
Let h(x) = x**2 - 23*x - 18. Let c be h(24). Suppose 37*z - c*z - 4061 = 0. What are the prime factors of z?
131
Suppose -5*y + 1401 = -5*g + 4*g, -5516 = 4*g + 2*y. Let b = 2699 + g. What are the prime factors of b?
2, 659
Let s be 51*((-12)/8*2 + 2). Let q = s - -24. Let g = q + 44. List the prime factors of g.
17
Suppose -33*v = -31*v. Suppose 2*p + 10 = v, -4*b - b - 30 = 3*p. List the prime factors of ((-102)/(-9))/((-4)/b)*4.
2, 17
Suppose 16030 + 4648 = 14*w. What are the prime factors of w?
7, 211
Let z(b) = 5*b**2 + 11*b + 1. Let a = -79 + 99. Let g be (-4)/a - 48/10. List the prime factors of z(g).
71
Let f(t) = -t**3 - 6*t**2 - 6*t - 8. Suppose -q - 11*q = 72. List the prime factors of f(q).
2, 7
Suppose 5 = -5*m, 7*m = 3*v + 10*m + 3. Suppose -63*r + 77*r - 19180 = v. What are the prime factors of r?
2, 5, 137
Let n(d) = -d**2 - 7*d + 15. Let g be n(-9). Let q be ((-8)/(-2))/(g/(-3)). List the prime factors of q + (-1 - -3)*42.
2, 11
Let s be (3/(-4))/(-2 - (-78)/48). Suppose s*a + 3*a - 5*w - 15 = 0, 2*a - 3*w - 7 = 0. Suppose -a*k - 2*k + 708 = 0. List the prime factors of k.
3, 59
Let z = 568 - 146. What are the prime factors of z?
2, 211
Let k(g) = g**3 - 2*g**2 + 8*g + 10. Let x be k(-4). Let j = -118 - x. Let u(b) = 2*b + 87. What are the prime factors of u(j)?
3, 29
Suppose -11072 = -2*r - 4*a, a + 3106 = -4*r + 25243. What are the prime factors of r?
2, 2767
Let o be 1 + 1 - (-3136)/(-8). Let m = o - -885. What are the prime factors of m?
3, 5, 11
Let h(p) = p**3 + 3*p**2 - 4*p. Let q be h(-4). Suppose -6*w + 1152 = 1122. Suppose q = -u - 2*b + 169, 4*b - 352 = -w*u + 481. List the prime factors of u.
3, 5, 11
Let j(m) = 57*m**2 - m + 31. Let l(g) = 3*g**2 + 22*g + 11. Let x be l(-7). List the prime factors of j(x).
3, 313
List the prime factors of 8*(-3 + 7288/16).
2, 5, 181
What are the prime factors of 12042*((32/6)/4)/(8/3)?
3, 223
Suppose 0 = 10*i - 25 - 35. Suppose i*r - 156 = 4*r. What are the prime factors of r?
2, 3, 13
Suppose 20*v + 65 - 445 = 0. Let l(d) = 17*d - 40. What are the prime factors of l(v)?
283
Let r(t) = 5*t**2 - 6*t - 51. Suppose 73 + 17 = 9*y. What are the prime factors of r(y)?
389
Suppose 13*m - 28*m - 28*m + 629133 = 0. What are the prime factors of m?
3, 4877
Suppose 2*j + 25543 = 29*j - 32372. List the prime factors of j.
3, 5, 11, 13
Suppose -2*w = 3*w - 3*k - 102, 40 = 2*w - k. Suppose 0 = 2*t - w*t + 1728. What are the prime factors of t?
2, 3
Let q = -1978 - -2175. Suppose r + 77 = -2*z, -2*z = -2*r + z - 119. Let i = r + q. List the prime factors of i.
2, 5, 13
Let l(f) = 2*f**2 + 8*f + 23. Let h be l(-9). Suppose -2*a + 73 = -3*q, h = 3*a - 3*q + 11. Let r = 79 - a. List the prime factors of r.
2, 5
Suppose 0 = -m + 5*r + 677, -4*m - 37*r = -32*r - 2833. List the prime factors of m.
2, 3, 13
Suppose 3*g = -p + 33, 0 = 2*g + 21*p - 24*p - 33. Suppose 0 = -g*o + 3654 + 1434. List the prime factors of o.
2, 53
Let c = -682 - -442. Let q be (-21)/3*c/7. Let j = -166 + q. What are the prime factors of j?
2, 37
Let r(z) = -11*z - 19. Suppose -a + 13 = 3*i + 3, 14 = 3*i + 2*a. Suppose 0 = 4*p + p + i*o + 31, 0 = p + 2*o + 11. What are the prime factors of r(p)?
2, 3
Suppose 205 = -3*i - 770. Let v = i + 122. Let l = -96 - v. List the prime factors of l.
107
Let u(m) = 2*m**3 + 3*m**2 + 13*m - 7. Let w(f) = -f**3 + 22*f**2 + 5. Let n be w(22). List the prime factors of u(n).
383
Let b(j) = -8*j - 54. Let k be b(-7). Suppose 2 = k*t, -3*w + 209 = 2*w - t. List the prime factors of 6/21 - (-8178)/w.
3, 5, 13
Suppose 12*l + 19 - 91 = 0. Suppose -l*p + 30 = -p. What are the prime factors of p?
2, 3
Suppose 1 + 1 = -2*k. Let b be k/(-4) + (-4 - (-972)/16). Suppose -129 = -2*t + b. What are the prime factors of t?
3, 31
Let b(a) = -12*a - 3. Suppose 3*l + 5*p + 145 = -0*p, 2*l + 101 = p. Let c = l + 49. What are the prime factors of b(c)?
3
List the prime factors of (((-62430)/35)/3)/(350/(-49) - -7).
2, 2081
Suppose -376*p + 204*p = -1335236. What are the prime factors of p?
7, 1109
Let v = 18 + 24. Suppose 0*b = b - v. List the prime factors of (8/((-192)/b))/(1/(-36)).
3, 7
Let v(x) = 2*x + 28. Let z be v(-16). Let w be 5*z/20*-9. Suppose 0 = -12*k + w*k + 57. What are the prime factors of k?
19
Suppose 2*z - 5*x - 850 = 0, -z + 255 + 179 = 2*x. Suppose 0 = 4*l + 3*f - f - 1632, l - z = 5*f. List the prime factors of l.
2, 5, 41
Let s(f) = -f - 18. Let q be s(-10). List the prime factors of 1*(2 + (-1512)/q).
191
Suppose 0 = -6*k - 861 + 885. Suppose 14*t - 10*t - m - 2390 = 0, -5*t = k*m - 2977. List the prime factors of t.
3, 199
Suppose 13*k + 0*k = -117. Let m = k + 188. What are the prime factors of m?
179
Let s(p) = 7*p**2 - 104*p + 141. What are the prime factors of s(34)?
7, 11, 61
Let f(o) = -o**2 + 25. Let h be f(-12). List the prime factors of (17/h)/((-4)/14)*644.
2, 7, 23
Let b = -23186 + 34186. List the prime factors of b.
2, 5, 11
Let p(m) = -5*m - 10. Let h be p(-2). Suppose f + f = h, -4*f = -3*t + 1149. List the prime factors of t.
383
Let o = -111 - 4. Let u = o + 149. What are the prime factors of u?
2, 17
Let y(r) = 57*r**3 - 4*r - 3. Let b be y(-2). Let u = -254 - b. List the prime factors of u.
197
Suppose -18012 = -11*n - 2744. Suppose 6*s = s - 3*b + n, 3*b = 3*s - 852. List the prime factors of s.
2, 5, 7
Suppose -16603 = -22*j + 87787. List the prime factors of j.
5, 13, 73
Suppose -160*r = -171*r + 29810. List the prime factors of r.
2, 5, 271
Suppose